{"id":100,"date":"2016-11-08T21:28:25","date_gmt":"2016-11-08T21:28:25","guid":{"rendered":"http:\/\/web2.bilkent.edu.tr\/bilkentpost\/?page_id=100"},"modified":"2026-02-26T11:38:37","modified_gmt":"2026-02-26T08:38:37","slug":"hosgeldiniz","status":"publish","type":"page","link":"http:\/\/bilkentpost.bilkent.edu.tr\/index.php\/hosgeldiniz\/","title":{"rendered":"Hakk\u0131m\u0131zda"},"content":{"rendered":"<h5><strong>Bilkent Post:\u00a0 \u00a0<\/strong><\/h5>\n<h5><strong><em>G\u00fcncel, Pop\u00fcler, Ki\u015fisel, K\u00fclt\u00fcrel\u00a0 <\/em><\/strong><strong><em>Ankara&#8217;da Ya\u015fam Dergisi<\/em><\/strong><\/h5>\n<p><a href=\"http:\/\/comd.bilkent.edu.tr\"><strong>Bilkent \u00dcniversitesi \u0130leti\u015fim ve Tasar\u0131m\u0131 B\u00f6l\u00fcm\u00fc<\/strong><\/a> &#8220;COMD 357 Multimedia Journalism&#8221; dersi \u00f6\u011frencileri, T\u00fcrkiye ve d\u00fcnya bas\u0131n\u0131n\u0131n yeni medya ara\u00e7lar\u0131yla ili\u015fkisini inceliyor. \u0130nternet mecras\u0131 habercilere ileti\u015fimde hangi olanaklar\u0131 sunuyor? Bu soru, Bilkent \u0130leti\u015fim ve Tasar\u0131m B\u00f6l\u00fcm\u00fc COMD 357 dersinde d\u00f6nem boyunca \u00fcretilen tematik bloglar\u0131n ba\u015flang\u0131\u00e7 noktas\u0131.<\/p>\n<p>Bilkent Post, teknik donan\u0131ml\u0131 dergi muhabirli\u011finin benimsendi\u011fi, habercinin sosyal medyay\u0131 ara\u015ft\u0131rma, \u00fcretim, sunum ve geri bildirim s\u00fcrecine katt\u0131\u011f\u0131, yerel haber kaynaklar\u0131ndan beslenen i\u00e7erikleri multimedya formatlarla sunan bir Ankara dergisi platformu yaratma projesi.<\/p>\n<p>2016 y\u0131l\u0131ndan bu yana \u00f6\u011frenci g\u00f6nderilerinden bir se\u00e7ki olarak sundu\u011fumuz yay\u0131n\u0131m\u0131z Bilkent Post, listeler, foto dizileri, ses projeleri, videolar ve infografik i\u00e7eriklerle COMD 357 Multimedya Habercilik dersini alan Bilkentli \u00f6\u011frencilerin g\u00fcncel, pop\u00fcler, k\u00fclt\u00fcrel, ki\u015fisel d\u00fcnyalar\u0131n\u0131 yans\u0131tan yeni nesil bir Ankara dergisi.<\/p>\n<p>2015 y\u0131l\u0131nda ba\u015flad\u0131\u011f\u0131m\u0131z d\u00f6nemlik bloglar\u0131n tamam\u0131na <a href=\"http:\/\/comd434.weebly.com\">comd434.weebly.com<\/a> adresinden ula\u015fabilirsiniz.<\/p>\n<p>\u00a0COMD 357 Multimedia Journalism Ders Koordinat\u00f6r\u00fc: <a href=\"https:\/\/comd.bilkent.edu.tr\/our_team\/muge-mengu-hale\/\">M\u00fcge Meng\u00fc Hale<\/a><\/p>\n<p><em>Bilkent Post Edit\u00f6rleri<\/em>: Naile Ka\u015f, Burcu Kandar, Ay\u015fe Nur G\u00fcndo\u011fdu, Ba\u015fak Bozo\u011flu, Ezgi Alt\u0131n\u00f6z,\u00a0 Kerem Ku\u015f, Zeynep Ge\u00e7it,\u00a0<\/p>\n<p><em>Bilkent Post Logo Tasar\u0131m\u0131:<\/em>\u00a0 Duygu Nas<\/p>\n<p><em>Bilkent Post Life Mag Instagram Grafik Tasar\u0131m\u0131:<\/em>\u00a0 Meliha B. Do\u011fan<\/p>\n<p><em>Bilkent Post Life Mag Instagram Edit\u00f6rleri:<\/em> Zeynep Arslan, Kerem Ku\u015f, Zeynep Ge\u00e7it, Zeynep Ece Ye\u015filmen \u00a0\u00a0<\/p>\n<p><strong>Medya Eti\u011fi ve Hedeflerimiz<\/strong><\/p>\n<p data-start=\"207\" data-end=\"491\"><em data-start=\"207\" data-end=\"221\">Bilkent Post<\/em>, e\u011flence ve ya\u015fam tarz\u0131 gazetecili\u011fini k\u00fclt\u00fcr\u00fc, \u015fehri ve insan hik\u00e2yelerini belgeleyen kamusal bir alan olarak g\u00f6r\u00fcr. Yemek, mek\u00e2n, sanat ve \u015fehir ya\u015fam\u0131na dair i\u00e7erikleri do\u011fruluk, adillik ve \u015feffafl\u0131k ilkeleriyle \u00fcretir; g\u00f6r\u00fc\u015f ile bilgiyi a\u00e7\u0131k bi\u00e7imde ay\u0131r\u0131r\u0131z.<\/p>\n<p data-start=\"493\" data-end=\"701\">Ba\u011f\u0131ms\u0131z bir editoryal anlay\u0131\u015fla \u00e7al\u0131\u015f\u0131r, sponsorluk veya ticari i\u015f birli\u011fi yapmay\u0131z.<\/p>\n<p data-start=\"493\" data-end=\"701\">Ki\u015fi ve kurumlar\u0131 adil temsil eder, hatalar\u0131 \u015feffaf bi\u00e7imde d\u00fczeltir, farkl\u0131 bak\u0131\u015f a\u00e7\u0131lar\u0131n\u0131 g\u00f6r\u00fcn\u00fcr k\u0131lmay\u0131 hedefleriz.<\/p>\n<p data-start=\"703\" data-end=\"1053\"><em data-start=\"703\" data-end=\"717\">Bilkent Post<\/em>, <strong data-start=\"719\" data-end=\"731\">COMD 357<\/strong> dersini alan her \u00f6\u011frencinin kat\u0131l\u0131m\u0131yla y\u00fcr\u00fct\u00fclen e\u011fitsel bir projedir. Yay\u0131n s\u00fcrecini bir \u00f6\u011frenme alan\u0131 olarak g\u00f6r\u00fcr; ele\u015ftirel d\u00fc\u015f\u00fcnceyi, etik sorumlulu\u011fu ve medya okuryazarl\u0131\u011f\u0131n\u0131 te\u015fvik eder. Medya eti\u011fini yaln\u0131zca gazetecilere ait bir mesleki ilke de\u011fil, herkes i\u00e7in gerekli bir kamusal bilin\u00e7 olarak de\u011ferlendirir.<\/p>\n<p data-start=\"1055\" data-end=\"1149\">Amac\u0131m\u0131z, t\u00fcm \u00f6\u011frenciler i\u00e7in ba\u011f\u0131ms\u0131z, g\u00fcvenilir ve sorumlu bir yay\u0131n ortam\u0131 olu\u015fturmakt\u0131r.<\/p>\n<hr \/>\n<p><strong>Bilkent COMD 357 Multimedia Journalism<\/strong><\/p>\n<p>Instructor: <a href=\"https:\/\/comd.bilkent.edu.tr\/our_team\/muge-mengu-hale\/\">M\u00fcge Meng\u00fc Hale<\/a><\/p>\n<p>Bilkent Post:<\/p>\n<p>An Ankara Online Life Magazine compiled from Current, Popular, Personal, Cultural, Multimedia Student Posts<\/p>\n<p>Devised and Consulted by course instructor: M\u00fcge Meng\u00fc Hale<\/p>\n<p>Website Editors, Class TAs: Naile Ka\u015f, Burcu Kandar, Ay\u015fe Nur G\u00fcndo\u011fdu, Ba\u015fak Bozo\u011flu, Ezgi Alt\u0131n\u00f6z, Kerem Ku\u015f<\/p>\n<p>Bilkent Post Logo Design: Duygu Nas<\/p>\n<p>Bilkent Post Life Mag Instagram Graphic Design:\u00a0 Meliha B. Do\u011fan<\/p>\n<p>Bilkent Post Life Mag Instagram Editors: Zeynep Arslan, Kerem Ku\u015f, Zeynep Ge\u00e7it, Zeynep Ece Ye\u015filmen\u00a0 \u00a0<\/p>\n<p>Bilkent University Communication and Design Department &#8220;COMD 357 Multimedia Journalism&#8221; course explores the relationships between the Turkish and international web media and the new media techniques. What possibilities does web offer to the magazine journalists? This question is the starting point for the seasonal blogs that are produced in this class since 2015. Bilkent Post is a compilation of posts that the COMD 357 students produce during a semester. All of the personal blogs can be reached at\u00a0<a href=\"http:\/\/comd434.weebly.com\">comd434.weebly.com<\/a><\/p>\n<p data-start=\"1055\" data-end=\"1149\">Our Ethical Conduct and Goals<\/p>\n<p data-start=\"1194\" data-end=\"1484\"><em data-start=\"1194\" data-end=\"1208\">Bilkent Post<\/em> approaches entertainment and lifestyle journalism as a public space that documents culture, the city, and human stories. Our coverage of food, places, arts, and urban life is guided by accuracy, fairness, and transparency, with a clear distinction between opinion and fact.<\/p>\n<p data-start=\"1486\" data-end=\"1714\">We operate with full editorial independence and do not engage in sponsorships or commercial partnerships. We represent individuals and institutions fairly, correct errors transparently, and aim to reflect diverse perspectives.<\/p>\n<p data-start=\"1716\" data-end=\"2071\"><em data-start=\"1716\" data-end=\"1730\">Bilkent Post<\/em> is an educational initiative carried out by students enrolled in <strong data-start=\"1796\" data-end=\"1808\">COMD 357<\/strong>. We view the publishing process as a space for learning, fostering critical thinking, ethical responsibility, and media literacy. We understand media ethics not only as a professional standard for journalists, but as a shared civic responsibility for everyone.<\/p>\n<p data-start=\"2073\" data-end=\"2186\" data-is-last-node=\"\" data-is-only-node=\"\">Our goal is to provide an independent, accountable, and trustworthy publication for the entire student community.<\/p>\n\n","protected":false},"excerpt":{"rendered":"<p>Bilkent Post:\u00a0 \u00a0 G\u00fcncel, Pop\u00fcler, Ki\u015fisel, K\u00fclt\u00fcrel\u00a0 Ankara&#8217;da Ya\u015fam Dergisi Bilkent \u00dcniversitesi \u0130leti\u015fim ve Tasar\u0131m\u0131 B\u00f6l\u00fcm\u00fc &#8220;COMD 357 Multimedia Journalism&#8221;<\/p>\n","protected":false},"author":3,"featured_media":0,"parent":0,"menu_order":0,"comment_status":"closed","ping_status":"closed","template":"","meta":{"_mi_skip_tracking":false,"spay_email":""},"jetpack_sharing_enabled":true,"jetpack_shortlink":"https:\/\/wp.me\/P9LQzm-1C","jetpack_likes_enabled":false,"_links":{"self":[{"href":"http:\/\/bilkentpost.bilkent.edu.tr\/index.php\/wp-json\/wp\/v2\/pages\/100"}],"collection":[{"href":"http:\/\/bilkentpost.bilkent.edu.tr\/index.php\/wp-json\/wp\/v2\/pages"}],"about":[{"href":"http:\/\/bilkentpost.bilkent.edu.tr\/index.php\/wp-json\/wp\/v2\/types\/page"}],"author":[{"embeddable":true,"href":"http:\/\/bilkentpost.bilkent.edu.tr\/index.php\/wp-json\/wp\/v2\/users\/3"}],"replies":[{"embeddable":true,"href":"http:\/\/bilkentpost.bilkent.edu.tr\/index.php\/wp-json\/wp\/v2\/comments?post=100"}],"version-history":[{"count":13,"href":"http:\/\/bilkentpost.bilkent.edu.tr\/index.php\/wp-json\/wp\/v2\/pages\/100\/revisions"}],"predecessor-version":[{"id":9601,"href":"http:\/\/bilkentpost.bilkent.edu.tr\/index.php\/wp-json\/wp\/v2\/pages\/100\/revisions\/9601"}],"wp:attachment":[{"href":"http:\/\/bilkentpost.bilkent.edu.tr\/index.php\/wp-json\/wp\/v2\/media?parent=100"}],"curies":[{"name":"wp","href":"https:\/\/api.w.org\/{rel}","templated":true}]}}